{"id":6754,"date":"2017-04-06T12:37:32","date_gmt":"2017-04-06T10:37:32","guid":{"rendered":"http:\/\/blog.empikfoto.pl\/?page_id=6754"},"modified":"2018-11-23T16:07:07","modified_gmt":"2018-11-23T15:07:07","slug":"kontakt","status":"publish","type":"page","link":"https:\/\/www.empikfoto.cz\/blog\/kontakt\/","title":{"rendered":"Kontakt"},"content":{"rendered":"<div>\n<h2 style=\"text-align: center;\">Pokud m\u00e1te dotaz, jsme v\u00e1m v\u017edy k dispozici!<\/h2>\n<div style=\"text-align: center;\">M\u016f\u017eete n\u00e1s kontaktovat pomoc\u00ed e-mailov\u00e9 adresy:\u00a0<span style=\"text-decoration: underline;\"><strong><a href=\"mailto:info@empikfoto.cz\">info@empikfoto.cz<\/a><\/strong><\/span><\/div>\n<div style=\"text-align: center;\">Najdete n\u00e1s tak\u00e9 na facebooku &#8211; <span style=\"text-decoration: underline;\"><strong><a href=\"https:\/\/www.facebook.com\/empikfotocz\/\">facebook.com\/empikfotocz<\/a><\/p>\n<p><\/strong><\/span><\/div>\n<div style=\"text-align: center;\">S Va\u0161imi dotazy se m\u016f\u017eete obr\u00e1tit na <strong>z\u00e1kaznick\u00e9 centrum<\/strong>:<\/div>\n<div style=\"text-align: center;\">tel: (+420) 296 181 621<\/div>\n<div style=\"text-align: center;\"><b>Z\u00e1kaznick\u00e9 centrum\u00a0<\/b>m\u016f\u017eete kontaktovat:<\/div>\n<div style=\"text-align: center;\">Po-Pt: 8:00-16:00<\/div>\n<div style=\"text-align: center;\"><\/div>\n<\/div>\n<div><\/div>\n","protected":false},"excerpt":{"rendered":"<p>Pokud m\u00e1te dotaz, jsme v\u00e1m v\u017edy k dispozici! M\u016f\u017eete n\u00e1s kontaktovat pomoc\u00ed e-mailov\u00e9 adresy:\u00a0info@empikfoto.cz Najdete n\u00e1s tak\u00e9 na facebooku &#8211; facebook.com\/empikfotocz S Va\u0161imi dotazy se m\u016f\u017eete obr\u00e1tit na z\u00e1kaznick\u00e9 centrum: tel: (+420) 296 181 621 Z\u00e1kaznick\u00e9 centrum\u00a0m\u016f\u017eete kontaktovat: Po-Pt: 8:00-16:00<\/p>\n","protected":false},"author":26,"featured_media":0,"parent":0,"menu_order":0,"comment_status":"closed","ping_status":"closed","template":"","meta":{"footnotes":""},"class_list":["post-6754","page","type-page","status-publish","hentry"],"yoast_head":"<!-- This site is optimized with the Yoast SEO plugin v23.2 - https:\/\/yoast.com\/wordpress\/plugins\/seo\/ -->\n<title>Kontakt | blog.empikfoto.cz<\/title>\n<meta name=\"robots\" content=\"index, follow, max-snippet:-1, max-image-preview:large, max-video-preview:-1\" \/>\n<link rel=\"canonical\" href=\"https:\/\/www.empikfoto.cz\/blog\/kontakt\/\" \/>\n<meta property=\"og:locale\" content=\"pl_PL\" \/>\n<meta property=\"og:type\" content=\"article\" \/>\n<meta property=\"og:title\" content=\"Kontakt | blog.empikfoto.cz\" \/>\n<meta property=\"og:description\" content=\"Pokud m\u00e1te dotaz, jsme v\u00e1m v\u017edy k dispozici! M\u016f\u017eete n\u00e1s kontaktovat pomoc\u00ed e-mailov\u00e9 adresy:\u00a0info@empikfoto.cz Najdete n\u00e1s tak\u00e9 na facebooku &#8211; facebook.com\/empikfotocz S Va\u0161imi dotazy se m\u016f\u017eete obr\u00e1tit na z\u00e1kaznick\u00e9 centrum: tel: (+420) 296 181 621 Z\u00e1kaznick\u00e9 centrum\u00a0m\u016f\u017eete kontaktovat: Po-Pt: 8:00-16:00\" \/>\n<meta property=\"og:url\" content=\"https:\/\/www.empikfoto.cz\/blog\/kontakt\/\" \/>\n<meta property=\"og:site_name\" content=\"blog.empikfoto.cz\" \/>\n<meta property=\"article:publisher\" content=\"https:\/\/www.facebook.com\/empikfotocz\/\" \/>\n<meta property=\"article:modified_time\" content=\"2018-11-23T15:07:07+00:00\" \/>\n<meta name=\"twitter:card\" content=\"summary_large_image\" \/>\n<script type=\"application\/ld+json\" class=\"yoast-schema-graph\">{\"@context\":\"https:\/\/schema.org\",\"@graph\":[{\"@type\":\"WebPage\",\"@id\":\"https:\/\/www.empikfoto.cz\/blog\/kontakt\/\",\"url\":\"https:\/\/www.empikfoto.cz\/blog\/kontakt\/\",\"name\":\"Kontakt | blog.empikfoto.cz\",\"isPartOf\":{\"@id\":\"https:\/\/www.empikfoto.cz\/blog\/#website\"},\"datePublished\":\"2017-04-06T10:37:32+00:00\",\"dateModified\":\"2018-11-23T15:07:07+00:00\",\"breadcrumb\":{\"@id\":\"https:\/\/www.empikfoto.cz\/blog\/kontakt\/#breadcrumb\"},\"inLanguage\":\"pl-PL\",\"potentialAction\":[{\"@type\":\"ReadAction\",\"target\":[\"https:\/\/www.empikfoto.cz\/blog\/kontakt\/\"]}]},{\"@type\":\"BreadcrumbList\",\"@id\":\"https:\/\/www.empikfoto.cz\/blog\/kontakt\/#breadcrumb\",\"itemListElement\":[{\"@type\":\"ListItem\",\"position\":1,\"name\":\"Strona g\u0142\u00f3wna\",\"item\":\"https:\/\/www.empikfoto.cz\/blog\/\"},{\"@type\":\"ListItem\",\"position\":2,\"name\":\"Kontakt\"}]},{\"@type\":\"WebSite\",\"@id\":\"https:\/\/www.empikfoto.cz\/blog\/#website\",\"url\":\"https:\/\/www.empikfoto.cz\/blog\/\",\"name\":\"blog.empikfoto.cz\",\"description\":\"Nechte se inspirovat a darujte vzpom\u00ednky\",\"potentialAction\":[{\"@type\":\"SearchAction\",\"target\":{\"@type\":\"EntryPoint\",\"urlTemplate\":\"https:\/\/www.empikfoto.cz\/blog\/?s={search_term_string}\"},\"query-input\":\"required name=search_term_string\"}],\"inLanguage\":\"pl-PL\"}]}<\/script>\n<!-- \/ Yoast SEO plugin. -->","yoast_head_json":{"title":"Kontakt | blog.empikfoto.cz","robots":{"index":"index","follow":"follow","max-snippet":"max-snippet:-1","max-image-preview":"max-image-preview:large","max-video-preview":"max-video-preview:-1"},"canonical":"https:\/\/www.empikfoto.cz\/blog\/kontakt\/","og_locale":"pl_PL","og_type":"article","og_title":"Kontakt | blog.empikfoto.cz","og_description":"Pokud m\u00e1te dotaz, jsme v\u00e1m v\u017edy k dispozici! M\u016f\u017eete n\u00e1s kontaktovat pomoc\u00ed e-mailov\u00e9 adresy:\u00a0info@empikfoto.cz Najdete n\u00e1s tak\u00e9 na facebooku &#8211; facebook.com\/empikfotocz S Va\u0161imi dotazy se m\u016f\u017eete obr\u00e1tit na z\u00e1kaznick\u00e9 centrum: tel: (+420) 296 181 621 Z\u00e1kaznick\u00e9 centrum\u00a0m\u016f\u017eete kontaktovat: Po-Pt: 8:00-16:00","og_url":"https:\/\/www.empikfoto.cz\/blog\/kontakt\/","og_site_name":"blog.empikfoto.cz","article_publisher":"https:\/\/www.facebook.com\/empikfotocz\/","article_modified_time":"2018-11-23T15:07:07+00:00","twitter_card":"summary_large_image","schema":{"@context":"https:\/\/schema.org","@graph":[{"@type":"WebPage","@id":"https:\/\/www.empikfoto.cz\/blog\/kontakt\/","url":"https:\/\/www.empikfoto.cz\/blog\/kontakt\/","name":"Kontakt | blog.empikfoto.cz","isPartOf":{"@id":"https:\/\/www.empikfoto.cz\/blog\/#website"},"datePublished":"2017-04-06T10:37:32+00:00","dateModified":"2018-11-23T15:07:07+00:00","breadcrumb":{"@id":"https:\/\/www.empikfoto.cz\/blog\/kontakt\/#breadcrumb"},"inLanguage":"pl-PL","potentialAction":[{"@type":"ReadAction","target":["https:\/\/www.empikfoto.cz\/blog\/kontakt\/"]}]},{"@type":"BreadcrumbList","@id":"https:\/\/www.empikfoto.cz\/blog\/kontakt\/#breadcrumb","itemListElement":[{"@type":"ListItem","position":1,"name":"Strona g\u0142\u00f3wna","item":"https:\/\/www.empikfoto.cz\/blog\/"},{"@type":"ListItem","position":2,"name":"Kontakt"}]},{"@type":"WebSite","@id":"https:\/\/www.empikfoto.cz\/blog\/#website","url":"https:\/\/www.empikfoto.cz\/blog\/","name":"blog.empikfoto.cz","description":"Nechte se inspirovat a darujte vzpom\u00ednky","potentialAction":[{"@type":"SearchAction","target":{"@type":"EntryPoint","urlTemplate":"https:\/\/www.empikfoto.cz\/blog\/?s={search_term_string}"},"query-input":"required name=search_term_string"}],"inLanguage":"pl-PL"}]}},"_links":{"self":[{"href":"https:\/\/www.empikfoto.cz\/blog\/wp-json\/wp\/v2\/pages\/6754","targetHints":{"allow":["GET"]}}],"collection":[{"href":"https:\/\/www.empikfoto.cz\/blog\/wp-json\/wp\/v2\/pages"}],"about":[{"href":"https:\/\/www.empikfoto.cz\/blog\/wp-json\/wp\/v2\/types\/page"}],"author":[{"embeddable":true,"href":"https:\/\/www.empikfoto.cz\/blog\/wp-json\/wp\/v2\/users\/26"}],"replies":[{"embeddable":true,"href":"https:\/\/www.empikfoto.cz\/blog\/wp-json\/wp\/v2\/comments?post=6754"}],"version-history":[{"count":17,"href":"https:\/\/www.empikfoto.cz\/blog\/wp-json\/wp\/v2\/pages\/6754\/revisions"}],"predecessor-version":[{"id":8697,"href":"https:\/\/www.empikfoto.cz\/blog\/wp-json\/wp\/v2\/pages\/6754\/revisions\/8697"}],"wp:attachment":[{"href":"https:\/\/www.empikfoto.cz\/blog\/wp-json\/wp\/v2\/media?parent=6754"}],"curies":[{"name":"wp","href":"https:\/\/api.w.org\/{rel}","templated":true}]}}

<div>
<h2 style="text-align: center;">Pokud máte dotaz, jsme vám vždy k dispozici!</h2>
<div style="text-align: center;">Můžete nás kontaktovat pomocí e-mailové adresy: <span style="text-decoration: underline;"><strong><a href="mailto:info@empikfoto.cz">info@empikfoto.cz</a></strong></span></div>
<div style="text-align: center;">Najdete nás také na facebooku &#8211; <span style="text-decoration: underline;"><strong><a href="https://www.facebook.com/empikfotocz/">facebook.com/empikfotocz</a></p>
<p></strong></span></div>
<div style="text-align: center;">S Vašimi dotazy se můžete obrátit na <strong>zákaznické centrum</strong>:</div>
<div style="text-align: center;">tel: (+420) 296 181 621</div>
<div style="text-align: center;"><b>Zákaznické centrum </b>můžete kontaktovat:</div>
<div style="text-align: center;">Po-Pt: 8:00-16:00</div>
<div style="text-align: center;"></div>
</div>
<div></div>

<p>Pokud máte dotaz, jsme vám vždy k dispozici! Můžete nás kontaktovat pomocí e-mailové adresy: info@empikfoto.cz Najdete nás také na facebooku &#8211; facebook.com/empikfotocz S Vašimi dotazy se můžete obrátit na zákaznické centrum: tel: (+420) 296 181 621 Zákaznické centrum můžete kontaktovat: Po-Pt: 8:00-16:00</p>

<!-- This site is optimized with the Yoast SEO plugin v23.2 - https://yoast.com/wordpress/plugins/seo/ -->
<title>Kontakt | blog.empikfoto.cz</title>
<meta name="robots" content="index, follow, max-snippet:-1, max-image-preview:large, max-video-preview:-1" />
<link rel="canonical" href="https://www.empikfoto.cz/blog/kontakt/" />
<meta property="og:locale" content="pl_PL" />
<meta property="og:type" content="article" />
<meta property="og:title" content="Kontakt | blog.empikfoto.cz" />
<meta property="og:description" content="Pokud máte dotaz, jsme vám vždy k dispozici! Můžete nás kontaktovat pomocí e-mailové adresy: info@empikfoto.cz Najdete nás také na facebooku &#8211; facebook.com/empikfotocz S Vašimi dotazy se můžete obrátit na zákaznické centrum: tel: (+420) 296 181 621 Zákaznické centrum můžete kontaktovat: Po-Pt: 8:00-16:00" />
<meta property="og:url" content="https://www.empikfoto.cz/blog/kontakt/" />
<meta property="og:site_name" content="blog.empikfoto.cz" />
<meta property="article:publisher" content="https://www.facebook.com/empikfotocz/" />
<meta property="article:modified_time" content="2018-11-23T15:07:07+00:00" />
<meta name="twitter:card" content="summary_large_image" />
<script type="application/ld+json" class="yoast-schema-graph">{"@context":"https://schema.org","@graph":[{"@type":"WebPage","@id":"https://www.empikfoto.cz/blog/kontakt/","url":"https://www.empikfoto.cz/blog/kontakt/","name":"Kontakt | blog.empikfoto.cz","isPartOf":{"@id":"https://www.empikfoto.cz/blog/#website"},"datePublished":"2017-04-06T10:37:32+00:00","dateModified":"2018-11-23T15:07:07+00:00","breadcrumb":{"@id":"https://www.empikfoto.cz/blog/kontakt/#breadcrumb"},"inLanguage":"pl-PL","potentialAction":[{"@type":"ReadAction","target":["https://www.empikfoto.cz/blog/kontakt/"]}]},{"@type":"BreadcrumbList","@id":"https://www.empikfoto.cz/blog/kontakt/#breadcrumb","itemListElement":[{"@type":"ListItem","position":1,"name":"Strona główna","item":"https://www.empikfoto.cz/blog/"},{"@type":"ListItem","position":2,"name":"Kontakt"}]},{"@type":"WebSite","@id":"https://www.empikfoto.cz/blog/#website","url":"https://www.empikfoto.cz/blog/","name":"blog.empikfoto.cz","description":"Nechte se inspirovat a darujte vzpomínky","potentialAction":[{"@type":"SearchAction","target":{"@type":"EntryPoint","urlTemplate":"https://www.empikfoto.cz/blog/?s={search_term_string}"},"query-input":"required name=search_term_string"}],"inLanguage":"pl-PL"}]}</script>
<!-- / Yoast SEO plugin. -->

Pokud máte dotaz, jsme vám vždy k dispozici! Můžete nás kontaktovat pomocí e-mailové adresy: info@empikfoto.cz Najdete nás také na facebooku &#8211; facebook.com/empikfotocz S Vašimi dotazy se můžete obrátit na zákaznické centrum: tel: (+420) 296 181 621 Zákaznické centrum můžete kontaktovat: Po-Pt: 8:00-16:00

Strona główna

Nechte se inspirovat a darujte vzpomínky
