{"id":6756,"date":"2017-04-06T12:37:46","date_gmt":"2017-04-06T10:37:46","guid":{"rendered":"http:\/\/blog.empikfoto.pl\/?page_id=6756"},"modified":"2019-03-15T16:18:45","modified_gmt":"2019-03-15T15:18:45","slug":"o-nas","status":"publish","type":"page","link":"https:\/\/www.empikfoto.cz\/blog\/o-nas\/","title":{"rendered":"O n\u00e1s"},"content":{"rendered":"<p>V\u00edtejte!<\/p>\n<p>V\u00e1\u017e\u00edme si toho, \u017ee s n\u00e1mi chcete tvo\u0159it historii plnou vzpom\u00ednek!<\/p>\n<p>Na na\u0161em blogu najdete mnoho inspirace, zaj\u00edmav\u00e9 n\u00e1pady na v\u00fdrobu d\u00e1rku DIY, n\u00e1vody na t\u00e9ma fotografie a podrobn\u00e9 instrukce k vytvo\u0159en\u00ed Va\u0161\u00ed galerie pomoc\u00ed na\u0161eho servisu.<\/p>\n<p>Pokud si je chcete objednat, nav\u0161tivte str\u00e1nku empikfoto.cz, kde si m\u016f\u017eete vytvo\u0159it fotografick\u00e9 v\u00fdtisky, fotoknihy a fotogalerie. V\u0161e co pot\u0159ebujete, je p\u00e1r minut, abyste obdarovali va\u0161e nejbli\u017e\u0161\u00ed d\u00e1rkem s Va\u0161imi spole\u010dn\u00fdmi vzpom\u00ednkami.<\/p>\n<p>Nav\u0161tivte n\u00e1s na <a href=\"http:\/\/www.empikfoto.cz\">www.empikfoto.cz<\/a>.<\/p>\n","protected":false},"excerpt":{"rendered":"<p>V\u00edtejte! V\u00e1\u017e\u00edme si toho, \u017ee s n\u00e1mi chcete tvo\u0159it historii plnou vzpom\u00ednek! Na na\u0161em blogu najdete mnoho inspirace, zaj\u00edmav\u00e9 n\u00e1pady na v\u00fdrobu d\u00e1rku DIY, n\u00e1vody na t\u00e9ma fotografie a podrobn\u00e9 instrukce k vytvo\u0159en\u00ed Va\u0161\u00ed galerie pomoc\u00ed na\u0161eho servisu. Pokud si je chcete objednat, nav\u0161tivte str\u00e1nku empikfoto.cz, kde si m\u016f\u017eete vytvo\u0159it fotografick\u00e9 v\u00fdtisky, fotoknihy a fotogalerie. V\u0161e co pot\u0159ebujete, je p\u00e1r minut, abyste obdarovali va\u0161e nejbli\u017e\u0161\u00ed d\u00e1rkem s Va\u0161imi spole\u010dn\u00fdmi vzpom\u00ednkami. Nav\u0161tivte n\u00e1s na www.empikfoto.cz.<\/p>\n","protected":false},"author":26,"featured_media":0,"parent":0,"menu_order":0,"comment_status":"closed","ping_status":"closed","template":"","meta":{"footnotes":""},"class_list":["post-6756","page","type-page","status-publish","hentry"],"yoast_head":"<!-- This site is optimized with the Yoast SEO plugin v23.2 - https:\/\/yoast.com\/wordpress\/plugins\/seo\/ -->\n<title>O n\u00e1s | blog.empikfoto.cz<\/title>\n<meta name=\"robots\" content=\"index, follow, max-snippet:-1, max-image-preview:large, max-video-preview:-1\" \/>\n<link rel=\"canonical\" href=\"https:\/\/www.empikfoto.cz\/blog\/o-nas\/\" \/>\n<meta property=\"og:locale\" content=\"pl_PL\" \/>\n<meta property=\"og:type\" content=\"article\" \/>\n<meta property=\"og:title\" content=\"O n\u00e1s | blog.empikfoto.cz\" \/>\n<meta property=\"og:description\" content=\"V\u00edtejte! V\u00e1\u017e\u00edme si toho, \u017ee s n\u00e1mi chcete tvo\u0159it historii plnou vzpom\u00ednek! Na na\u0161em blogu najdete mnoho inspirace, zaj\u00edmav\u00e9 n\u00e1pady na v\u00fdrobu d\u00e1rku DIY, n\u00e1vody na t\u00e9ma fotografie a podrobn\u00e9 instrukce k vytvo\u0159en\u00ed Va\u0161\u00ed galerie pomoc\u00ed na\u0161eho servisu. Pokud si je chcete objednat, nav\u0161tivte str\u00e1nku empikfoto.cz, kde si m\u016f\u017eete vytvo\u0159it fotografick\u00e9 v\u00fdtisky, fotoknihy a fotogalerie. V\u0161e co pot\u0159ebujete, je p\u00e1r minut, abyste obdarovali va\u0161e nejbli\u017e\u0161\u00ed d\u00e1rkem s Va\u0161imi spole\u010dn\u00fdmi vzpom\u00ednkami. Nav\u0161tivte n\u00e1s na www.empikfoto.cz.\" \/>\n<meta property=\"og:url\" content=\"https:\/\/www.empikfoto.cz\/blog\/o-nas\/\" \/>\n<meta property=\"og:site_name\" content=\"blog.empikfoto.cz\" \/>\n<meta property=\"article:publisher\" content=\"https:\/\/www.facebook.com\/empikfotocz\/\" \/>\n<meta property=\"article:modified_time\" content=\"2019-03-15T15:18:45+00:00\" \/>\n<meta name=\"twitter:card\" content=\"summary_large_image\" \/>\n<meta name=\"twitter:label1\" content=\"Szacowany czas czytania\" \/>\n\t<meta name=\"twitter:data1\" content=\"1 minuta\" \/>\n<script type=\"application\/ld+json\" class=\"yoast-schema-graph\">{\"@context\":\"https:\/\/schema.org\",\"@graph\":[{\"@type\":\"WebPage\",\"@id\":\"https:\/\/www.empikfoto.cz\/blog\/o-nas\/\",\"url\":\"https:\/\/www.empikfoto.cz\/blog\/o-nas\/\",\"name\":\"O n\u00e1s | blog.empikfoto.cz\",\"isPartOf\":{\"@id\":\"https:\/\/www.empikfoto.cz\/blog\/#website\"},\"datePublished\":\"2017-04-06T10:37:46+00:00\",\"dateModified\":\"2019-03-15T15:18:45+00:00\",\"breadcrumb\":{\"@id\":\"https:\/\/www.empikfoto.cz\/blog\/o-nas\/#breadcrumb\"},\"inLanguage\":\"pl-PL\",\"potentialAction\":[{\"@type\":\"ReadAction\",\"target\":[\"https:\/\/www.empikfoto.cz\/blog\/o-nas\/\"]}]},{\"@type\":\"BreadcrumbList\",\"@id\":\"https:\/\/www.empikfoto.cz\/blog\/o-nas\/#breadcrumb\",\"itemListElement\":[{\"@type\":\"ListItem\",\"position\":1,\"name\":\"Strona g\u0142\u00f3wna\",\"item\":\"https:\/\/www.empikfoto.cz\/blog\/\"},{\"@type\":\"ListItem\",\"position\":2,\"name\":\"O n\u00e1s\"}]},{\"@type\":\"WebSite\",\"@id\":\"https:\/\/www.empikfoto.cz\/blog\/#website\",\"url\":\"https:\/\/www.empikfoto.cz\/blog\/\",\"name\":\"blog.empikfoto.cz\",\"description\":\"Nechte se inspirovat a darujte vzpom\u00ednky\",\"potentialAction\":[{\"@type\":\"SearchAction\",\"target\":{\"@type\":\"EntryPoint\",\"urlTemplate\":\"https:\/\/www.empikfoto.cz\/blog\/?s={search_term_string}\"},\"query-input\":\"required name=search_term_string\"}],\"inLanguage\":\"pl-PL\"}]}<\/script>\n<!-- \/ Yoast SEO plugin. -->","yoast_head_json":{"title":"O n\u00e1s | blog.empikfoto.cz","robots":{"index":"index","follow":"follow","max-snippet":"max-snippet:-1","max-image-preview":"max-image-preview:large","max-video-preview":"max-video-preview:-1"},"canonical":"https:\/\/www.empikfoto.cz\/blog\/o-nas\/","og_locale":"pl_PL","og_type":"article","og_title":"O n\u00e1s | blog.empikfoto.cz","og_description":"V\u00edtejte! V\u00e1\u017e\u00edme si toho, \u017ee s n\u00e1mi chcete tvo\u0159it historii plnou vzpom\u00ednek! Na na\u0161em blogu najdete mnoho inspirace, zaj\u00edmav\u00e9 n\u00e1pady na v\u00fdrobu d\u00e1rku DIY, n\u00e1vody na t\u00e9ma fotografie a podrobn\u00e9 instrukce k vytvo\u0159en\u00ed Va\u0161\u00ed galerie pomoc\u00ed na\u0161eho servisu. Pokud si je chcete objednat, nav\u0161tivte str\u00e1nku empikfoto.cz, kde si m\u016f\u017eete vytvo\u0159it fotografick\u00e9 v\u00fdtisky, fotoknihy a fotogalerie. V\u0161e co pot\u0159ebujete, je p\u00e1r minut, abyste obdarovali va\u0161e nejbli\u017e\u0161\u00ed d\u00e1rkem s Va\u0161imi spole\u010dn\u00fdmi vzpom\u00ednkami. Nav\u0161tivte n\u00e1s na www.empikfoto.cz.","og_url":"https:\/\/www.empikfoto.cz\/blog\/o-nas\/","og_site_name":"blog.empikfoto.cz","article_publisher":"https:\/\/www.facebook.com\/empikfotocz\/","article_modified_time":"2019-03-15T15:18:45+00:00","twitter_card":"summary_large_image","twitter_misc":{"Szacowany czas czytania":"1 minuta"},"schema":{"@context":"https:\/\/schema.org","@graph":[{"@type":"WebPage","@id":"https:\/\/www.empikfoto.cz\/blog\/o-nas\/","url":"https:\/\/www.empikfoto.cz\/blog\/o-nas\/","name":"O n\u00e1s | blog.empikfoto.cz","isPartOf":{"@id":"https:\/\/www.empikfoto.cz\/blog\/#website"},"datePublished":"2017-04-06T10:37:46+00:00","dateModified":"2019-03-15T15:18:45+00:00","breadcrumb":{"@id":"https:\/\/www.empikfoto.cz\/blog\/o-nas\/#breadcrumb"},"inLanguage":"pl-PL","potentialAction":[{"@type":"ReadAction","target":["https:\/\/www.empikfoto.cz\/blog\/o-nas\/"]}]},{"@type":"BreadcrumbList","@id":"https:\/\/www.empikfoto.cz\/blog\/o-nas\/#breadcrumb","itemListElement":[{"@type":"ListItem","position":1,"name":"Strona g\u0142\u00f3wna","item":"https:\/\/www.empikfoto.cz\/blog\/"},{"@type":"ListItem","position":2,"name":"O n\u00e1s"}]},{"@type":"WebSite","@id":"https:\/\/www.empikfoto.cz\/blog\/#website","url":"https:\/\/www.empikfoto.cz\/blog\/","name":"blog.empikfoto.cz","description":"Nechte se inspirovat a darujte vzpom\u00ednky","potentialAction":[{"@type":"SearchAction","target":{"@type":"EntryPoint","urlTemplate":"https:\/\/www.empikfoto.cz\/blog\/?s={search_term_string}"},"query-input":"required name=search_term_string"}],"inLanguage":"pl-PL"}]}},"_links":{"self":[{"href":"https:\/\/www.empikfoto.cz\/blog\/wp-json\/wp\/v2\/pages\/6756","targetHints":{"allow":["GET"]}}],"collection":[{"href":"https:\/\/www.empikfoto.cz\/blog\/wp-json\/wp\/v2\/pages"}],"about":[{"href":"https:\/\/www.empikfoto.cz\/blog\/wp-json\/wp\/v2\/types\/page"}],"author":[{"embeddable":true,"href":"https:\/\/www.empikfoto.cz\/blog\/wp-json\/wp\/v2\/users\/26"}],"replies":[{"embeddable":true,"href":"https:\/\/www.empikfoto.cz\/blog\/wp-json\/wp\/v2\/comments?post=6756"}],"version-history":[{"count":5,"href":"https:\/\/www.empikfoto.cz\/blog\/wp-json\/wp\/v2\/pages\/6756\/revisions"}],"predecessor-version":[{"id":8770,"href":"https:\/\/www.empikfoto.cz\/blog\/wp-json\/wp\/v2\/pages\/6756\/revisions\/8770"}],"wp:attachment":[{"href":"https:\/\/www.empikfoto.cz\/blog\/wp-json\/wp\/v2\/media?parent=6756"}],"curies":[{"name":"wp","href":"https:\/\/api.w.org\/{rel}","templated":true}]}}